{"id":41,"date":"2025-08-24T11:48:25","date_gmt":"2025-08-24T10:48:25","guid":{"rendered":"https:\/\/ligfy.net\/wordpress\/?page_id=41"},"modified":"2025-09-03T19:42:05","modified_gmt":"2025-09-03T18:42:05","slug":"securite","status":"publish","type":"page","link":"https:\/\/ligfy.net\/wordpress\/securite\/","title":{"rendered":"S\u00e9curit\u00e9"},"content":{"rendered":"\n<ul><li><a href=\"https:\/\/ligfy.net\/wordpress\/securiser-debian-9-avec-iptables\/\">S\u00e9curiser Debian 9 avec Iptables<\/a><\/li><li><a href=\"https:\/\/ligfy.net\/wordpress\/securiser-debian-9-avec-fail2ban\/\">S\u00e9curiser Debian 9 avec Fail2ban<\/a><\/li><li><a href=\"https:\/\/ligfy.net\/wordpress\/securiser-debian-9-avec-portsentry\/\">S\u00e9curiser Debian 9 avec Portsentry<\/a><\/li><li><a href=\"https:\/\/ligfy.net\/wordpress\/securiser-debian-9-avec-logwatch\/\">S\u00e9curiser Debian 9 avec Logwatch<\/a><\/li><li><a href=\"https:\/\/ligfy.net\/wordpress\/securiser-debian-9-avec-rkhunter\/\">S\u00e9curiser Debian 9 avec Rkhunter<\/a><\/li><li><a href=\"https:\/\/ligfy.net\/wordpress\/securiser-debian-9-avec-prelude-snort-et-ossec\/\">S\u00e9curiser Debian 9 avec Prelude, Snort et Ossec<\/a><\/li><\/ul>\n\n\n\n<p><\/p>\n","protected":false},"excerpt":{"rendered":"<p>S\u00e9curiser Debian 9 avec Iptables S\u00e9curiser Debian 9 avec Fail2ban S\u00e9curiser Debian 9 avec Portsentry S\u00e9curiser Debian 9 avec Logwatch S\u00e9curiser Debian 9 avec Rkhunter S\u00e9curiser Debian 9 avec Prelude,&#8230;<\/p>\n","protected":false},"author":1,"featured_media":0,"parent":0,"menu_order":0,"comment_status":"closed","ping_status":"closed","template":"","meta":[],"_links":{"self":[{"href":"https:\/\/ligfy.net\/wordpress\/wp-json\/wp\/v2\/pages\/41"}],"collection":[{"href":"https:\/\/ligfy.net\/wordpress\/wp-json\/wp\/v2\/pages"}],"about":[{"href":"https:\/\/ligfy.net\/wordpress\/wp-json\/wp\/v2\/types\/page"}],"author":[{"embeddable":true,"href":"https:\/\/ligfy.net\/wordpress\/wp-json\/wp\/v2\/users\/1"}],"replies":[{"embeddable":true,"href":"https:\/\/ligfy.net\/wordpress\/wp-json\/wp\/v2\/comments?post=41"}],"version-history":[{"count":15,"href":"https:\/\/ligfy.net\/wordpress\/wp-json\/wp\/v2\/pages\/41\/revisions"}],"predecessor-version":[{"id":232,"href":"https:\/\/ligfy.net\/wordpress\/wp-json\/wp\/v2\/pages\/41\/revisions\/232"}],"wp:attachment":[{"href":"https:\/\/ligfy.net\/wordpress\/wp-json\/wp\/v2\/media?parent=41"}],"curies":[{"name":"wp","href":"https:\/\/api.w.org\/{rel}","templated":true}]}}